he greatest common factor of 221 and 455?
13
Calculate the greatest common factor of 92 and 23.
23
What is the highest common divisor of 70 and 378?
14
Calculate the greatest common factor of 6624 and 4896.
288
What is the highest common factor of 35 and 42175?
35
Calculate the highest common factor of 11 and 132.
11
What is the highest common divisor of 120 and 235?
5
Calculate the greatest common divisor of 35 and 2849.
7
What is the highest common divisor of 33 and 11?
11
Calculate the highest common divisor of 432 and 640.
16
Calculate the greatest common factor of 2 and 5.
1
What is the highest common divisor of 115 and 874?
23
Calculate the greatest common factor of 255 and 153.
51
What is the greatest common divisor of 3383 and 221?
17
Calculate the highest common factor of 636 and 6.
6
Calculate the highest common divisor of 32 and 5008.
16
Calculate the highest common divisor of 3569 and 86.
43
What is the highest common factor of 63 and 24507?
63
Calculate the greatest common divisor of 1360 and 4165.
85
Calculate the highest common factor of 56 and 48.
8
Calculate the highest common factor of 99 and 63.
9
What is the highest common factor of 180 and 2250?
90
What is the greatest common divisor of 36 and 243?
9
Calculate the greatest common divisor of 99 and 981.
9
Calculate the greatest common divisor of 44 and 4763.
11
Calculate the greatest common factor of 108 and 15840.
36
Calculate the greatest common factor of 159 and 1.
1
Calculate the greatest common factor of 374 and 176.
22
Calculate the greatest common divisor of 118 and 531.
59
Calculate the greatest common factor of 534 and 96.
6
What is the highest common divisor of 65 and 143?
13
Calculate the highest common divisor of 3 and 3.
3
What is the highest common factor of 60 and 460?
20
Calculate the highest common divisor of 4935 and 141.
141
What is the greatest common divisor of 1472 and 2392?
184
What is the highest common divisor of 48 and 112?
16
What is the greatest common factor of 51 and 2839?
17
Calculate the greatest common factor of 1768 and 1360.
136
What is the highest common divisor of 245 and 4067?
49
What is the greatest common divisor of 1360 and 1122?
34
Calculate the highest common factor of 9 and 603.
9
What is the highest common factor of 780 and 420?
60
Calculate the highest common factor of 208 and 10894.
26
What is the greatest common divisor of 209 and 380?
19
Calculate the greatest common factor of 741 and 19.
19
What is the greatest common factor of 15 and 2145?
15
What is the greatest common divisor of 4912 and 112?
16
What is the greatest common divisor of 26 and 2899?
13
Calculate the highest common divisor of 99 and 63.
9
Calculate the greatest common divisor of 3 and 24.
3
What is the greatest common factor of 496 and 16?
16
Calculate the highest common factor of 4 and 22.
2
What is the greatest common factor of 825 and 759?
33
Calculate the greatest common factor of 252 and 84.
84
What is the highest common factor of 36 and 228?
12
Calculate the highest common factor of 248 and 1512.
8
Calculate the greatest common factor of 14873 and 278.
139
What is the highest common factor of 3 and 2481?
3
Calculate the highest common factor of 40 and 136.
8
What is the greatest common divisor of 3619 and 1617?
77
Calculate the highest common factor of 238 and 112.
14
What is the highest common divisor of 7436 and 220?
44
What is the highest common factor of 126 and 1197?
63
Calculate the highest common divisor of 56 and 8.
8
Calculate the greatest common divisor of 23 and 2944.
23
What is the greatest common divisor of 72 and 108?
36
Calculate the greatest common factor of 112 and 35.
7
Calculate the greatest common factor of 512 and 96.
32
What is the highest common factor of 70 and 14315?
35
Calculate the greatest common factor of 5128 and 8.
8
Calculate the greatest common divisor of 78 and 1833.
39
Calculate the greatest common divisor of 129 and 6.
3
What is the greatest common divisor of 2585 and 165?
55
What is the highest common divisor of 95 and 1345?
5
Calculate the greatest common factor of 663 and 51.
51
What is the greatest common divisor of 85 and 1785?
85
What is the greatest common factor of 60 and 120?
60
What is the highest common factor of 441 and 189?
63
What is the greatest common divisor of 59766 and 42?
42
Calculate the highest common factor of 5217 and 111.
111
Calculate the greatest common factor of 518 and 222.
74
Calculate the greatest common factor of 16 and 80.
16
Calculate the greatest common divisor of 1001 and 1287.
143
Calculate the greatest common divisor of 196 and 5810.
14
Calculate the highest common divisor of 4602 and 59.
59
Calculate the greatest common factor of 7885 and 76.
19
What is the highest common factor of 897 and 26?
13
What is the greatest common factor of 608 and 5016?
152
What is the highest common factor of 2623 and 43?
43
Calculate the highest common factor of 486 and 54.
54
Calculate the highest common divisor of 338 and 2873.
169
What is the greatest common divisor of 272 and 48?
16
Calculate the highest common factor of 80 and 30.
10
What is the highest common factor of 17 and 17646?
17
What is the greatest common divisor of 95 and 20?
5
What is the highest common factor of 156 and 324?
12
What is the greatest common divisor of 109 and 3161?
109
What is the greatest common divisor of 4 and 148?
4
What is the greatest common factor of 406 and 910?
14
Calculate the greatest common factor of 85 and 51.
17
What is the highest common factor of 11632 and 32?
16
What is the highest common factor of 12 and 516?
12
What is the highest common factor of 28 and 21644?
28
Calculate the greatest common divisor of 22 and 1067.
11
What is the highest common factor of 1343 and 85?
17
Calculate the greatest common factor of 12 and 100.
4
What is the greatest common divisor of 56 and 182?
14
What is the greatest common factor of 10 and 110?
10
What is the greatest common factor of 36 and 315?
9
Calculate the greatest common factor of 1246 and 28.
14
What is the highest common factor of 1160 and 8555?
145
Calculate the greatest common factor of 133 and 304.
19
What is the greatest common factor of 38 and 34?
2
What is the highest common divisor of 7 and 1547?
7
What is the highest common factor of 275 and 77?
11
What is the greatest common divisor of 180 and 20?
20
What is the greatest common divisor of 484 and 132?
44
What is the greatest common factor of 6192 and 86?
86
What is the greatest common factor of 42 and 14?
14
Calculate the highest common divisor of 1 and 27.
1
Calculate the highest common divisor of 583 and 11.
11
What is the greatest common divisor of 162 and 13446?
162
What is the highest common divisor of 8200 and 24?
8
Calculate the greatest common divisor of 153 and 408.
51
What is the greatest common factor of 171 and 9291?
57
What is the greatest common factor of 667 and 184?
23
Calculate the greatest common divisor of 156 and 2548.
52
What is the greatest common factor of 7 and 112?
7
Calculate the greatest common factor of 22 and 143.
11
Calculate the highest common divisor of 129 and 3.
3
Calculate the greatest common divisor of 266 and 38.
38
What is the greatest common divisor of 224 and 15512?
56
Calculate the highest common divisor of 6 and 1725.
3
What is the highest common factor of 35 and 133?
7
What is the greatest common divisor of 4465 and 40?
5
What is the greatest common factor of 12 and 9336?
12
Calculate the greatest common factor of 13500 and 12.
12
Calculate the highest common factor of 132 and 165.
33
Calculate the highest common divisor of 728 and 416.
104
Calculate the highest common divisor of 165 and 5390.
55
What is the greatest common divisor of 21 and 18795?
21
What is the highest common divisor of 2355 and 30?
15
What is the highest common divisor of 16 and 1240?
8
Calculate the highest common factor of 3558 and 66.
6
Calculate the highest common divisor of 5817 and 231.
21
Calculate the greatest common divisor of 53 and 424.
53
What is the highest common factor of 165 and 4895?
55
Calculate the greatest common divisor of 315 and 180.
45
Calculate the highest common divisor of 11214 and 3.
3
What is the highest common factor of 1375 and 325?
25
What is the highe